 be 18/8*(5 - 9). Let c(i) = 3*i**2 - i - 1. Let l(y) = 7*y**2 - 2*y - 3. Let p(w) = q*c(w) + 4*l(w). What is p(3)?
9
Let p(x) be the second derivative of -x**4/12 - 2*x**3/3 + x**2/2 - 2*x. Let w be 91/(-21) - (-1)/3. Calculate p(w).
1
Let w(k) = -k**3 + 24*k**2 - 22*k - 23. Let z be w(23). Let m(t) = t**2 + t + 17. What is m(z)?
17
Let a be 8/4 - (0 - 0). Let o(j) = j - 4 - 1 + a - 1. Calculate o(-3).
-7
Let t(x) = -1 - 5 + 2 - x. Suppose 5*v = -u, 4*v + 6 = 2*u + 8*v. What is t(u)?
-9
Suppose 0 = 5*n, -3*n - 8 = -2*q + 6*q. Let u(h) = h**2 - 3*h - 4. Let z be u(4). Let p be -4 - q/(z + 2). Let s(a) = a + 7. Give s(p).
4
Let t(c) = -c + 1. Suppose -w = 4*w + 30. Let v = -5 - w. Give t(v).
0
Let w be -1 - -6 - (2 + -2). Suppose 4*f - 7 - w = 0. Let h(j) = j**3 - 3*j**2 - 2*j - 3. Determine h(f).
-9
Let j = 99 + -93. Let c(s) = s**2 - 3*s - 6. Calculate c(j).
12
Let l(v) = v**3 + v**2. Let g(t) = 5*t**3 + 12*t**2 - 7*t + 5. Let u(m) = -g(m) + 6*l(m). Let i = 29 - 25. Give u(i).
-9
Let n = -15 - -16. Let b(u) = -17*u**3 + u**2 - 2*u + 1. Calculate b(n).
-17
Let x(b) = -3*b**2 - 6*b + 1. Let y(j) = 4*j**2 + 6*j. Let d(u) = -3*x(u) - 2*y(u). Suppose 39 = -11*n - 27. Determine d(n).
-3
Let s(i) = 0 - 3 - i + i**3 + 3*i**2 - 1. Let u(y) = -3*y - 21. Let d be u(-14). Suppose p + p - 3 = 3*v, 3*p + d = -4*v. Determine s(p).
-1
Let v(l) be the third derivative of l**5/60 + l**4/24 - 45*l**2. Give v(-1).
0
Suppose -r - 8*r - 18 = 0. Let l(i) = -i - 1. Let a(g) = 2*g**2 - g - 4. Let v(f) = a(f) - 4*l(f). Give v(r).
2
Let i(m) be the third derivative of -m**5/60 + m**4/8 - m**3/2 + 2*m**2 + 12. Determine i(4).
-7
Suppose -5*f - 31 = -6, -5*d + 4*f = -5. Let u be (-2 - -1)*1 - -3. Let b(v) = -v**3 - 3*v**u - 2 + v - 2 - 2*v. Calculate b(d).
-1
Let u(a) = -7*a**2 + 11*a**2 - 11*a**2 - 10 - 3*a - a**3. Calculate u(-7).
11
Let p(d) = -d**3 - 3*d**2 + d - 2. Let t be (-6)/(1*(-6)/(-4)). Give p(t).
10
Suppose 5 = g, l + 4*l + 2*g - 5 = 0. Let w be ((-20)/(-12))/((-25)/(-30)). Let u = w + l. Let s(p) = p. Calculate s(u).
1
Let s(c) = c**2 + 10*c - 5. Let h be s(-10). Let z = 5 + h. Let a(n) = n**3 - n**2 - 8. Give a(z).
-8
Let a(k) = -4*k**2 - k + 2. Let s be -3 - 2*(-1 - (-4)/8). Calculate a(s).
-12
Suppose y = -3*y - 2*b - 6, 5*b = -15. Let w(v) = 3*v**2 - 5*v - 4. Let t(u) = -7*u**2 + 11*u + 7. Let g(i) = -4*t(i) - 9*w(i). Give g(y).
8
Let r(g) = -4*g + 1. Let a(d) = -2*d**2 + d. Let t be a(1). Let l be 2 - 3 - (t + 1). Determine r(l).
5
Let x(a) = -a. Let y be x(2). Let o = y + 0. Let r(h) = 0 - 4 + 2*h + h**2 + 2. Give r(o).
-2
Suppose 0 = -6*h + h - 30. Let v(o) = 1. Let z(g) = 2*g. Suppose 4*s - 1 - 3 = 0. Let d(m) = s*z(m) + 6*v(m). Give d(h).
-6
Let u be 2*15/(-12)*-2. Let o(c) be the third derivative of c**4/24 - 7*c**3/6 - c**2. Give o(u).
-2
Let o = 6 - 1. Let y(h) = -6*h + 2*h - o + 5*h. What is y(7)?
2
Let h(b) = b - 3. Let w(z) = 1. Let q(j) = -j**2 + 20*j - 21. Let g be q(19). Let a(n) = g*w(n) - h(n). Determine a(-1).
2
Let w(h) = -3*h**3 - 2*h**2 + h. Suppose k - 17 = -0*k - 4*v, 4*k - 2*v + 4 = 0. Calculate w(k).
-4
Let h = 16 + 0. Suppose h = -0*x - 4*x. Let n(j) = -j**2 - 4*j + 5. Calculate n(x).
5
Let j(i) = i**3 + 3*i**2 - i. Suppose -3*t = -2*t + 3, -4*x = -2*t + 6. Give j(x).
3
Let z(q) = -4*q**3 + 5*q**2 + 2*q - 1. Let a(g) = -9*g**3 + 10*g**2 + 3*g - 2. Let h(p) = 3*a(p) - 7*z(p). What is h(6)?
7
Let s(r) be the first derivative of -r**4/4 + 2*r**3 + 9*r**2/2 - 9*r - 15. Calculate s(7).
5
Let p(d) be the third derivative of -d**6/120 - d**5/12 - 5*d**4/24 - d**3/2 - 2*d**2. Suppose 4*c = 14 - 38. Let b be c - 1/((-3)/9). Give p(b).
-6
Let z(c) = -4*c + 4 + c - c + 2*c. Determine z(9).
-14
Let d = 28 + -24. Let z(o) = -o**3 + 2*o**2 + 4*o - 1. Determine z(d).
-17
Let o be ((-10)/(-8))/((-4)/(-16)). Let f(m) = 2*m + 11. Let y(d) = -3*d - 12. Let n(h) = o*f(h) + 4*y(h). What is n(5)?
-3
Let d(s) = 14*s**2 - 2*s + 1. Suppose 19*j + 1 = 20*j. Give d(j).
13
Let a(c) = -c**2 - 6*c - 1. Let b be -1*12/10*5. What is a(b)?
-1
Suppose -x + 1 = -5*r, 2*x + 4*r - 18 = -2. Let y(v) = -v**2 + 5*v. Calculate y(x).
-6
Let k(m) = -2*m - 2. Let t be 9/12*(0 - 4). Let c be (-2 - (-8)/(-6))*t. Suppose v + v + c = 0. Determine k(v).
8
Let i(k) = -4*k - 3. Let o = -7 + 11. Suppose o*v - 5 = -17. Give i(v).
9
Let d(l) be the second derivative of l**6/360 + 2*l**4/3 - 6*l. Let m(f) be the third derivative of d(f). Give m(-1).
-2
Let j(s) be the first derivative of -s**4/4 - 4*s**3/3 + 5*s**2/2 + 2*s + 1. Let v be (3 + -1)*15/(-6). Give j(v).
2
Let m be 0/(3 - (2 + -1)). Let p(k) be the third derivative of 0*k + 1/8*k**4 - 1/10*k**5 + 0 + 1/120*k**6 + m*k**3 + k**2. Give p(2).
-10
Let i(q) = 2*q + 4. Let j = -43 - -37. Calculate i(j).
-8
Let u(y) = -2*y - 3. Let n(f) = f**2 + 17*f + 19. Let a be n(-16). Determine u(a).
-9
Let k(u) = u**2 - 3*u - 2. Let f be k(4). Let r = -7 - -10. Let c(o) = 4*o**2 - o**r + 2 - f*o - 2 - 4. Calculate c(3).
-1
Let o(s) = -18*s**3 - s**2 + 1. Let c be (-1)/(0 + 0 + 1). Calculate o(c).
18
Suppose 0*a + 200 = -5*a. Let n = 66 + a. Suppose -b = 5*z + 23, 3*z - 3*b + n = 5. Let s(u) = -u**3 - 6*u**2 - 3*u. Give s(z).
-10
Let o(k) = -k**2 - 729*k**3 + 6*k**2 + 728*k**3 - 3. Determine o(5).
-3
Let l(z) = -z**3 - 2 - z - 4*z**2 - z + 0*z**2. Let f be (-1)/(-4 + 14/4). Suppose 0 = k + 1, 3*t + f*t + k + 16 = 0. Calculate l(t).
-5
Let q(a) = -3*a + 3*a + a + 2. Let f be (0/1)/(-1 + 0). Suppose 3*g = -f*g - 12. Give q(g).
-2
Let v(y) = 4*y**3 + 4*y**2 + 2*y + 1. Let r(d) = -d**3 - d**2 - d - 1. Let t(q) = 3*r(q) + v(q). What is t(0)?
-2
Let f(i) = -3*i + 5. Let v(c) = c. Let o(r) = f(r) + 2*v(r). Let z(k) = k**3 + 10*k**2 - 22*k + 28. Let q be z(-12). Give o(q).
1
Let l(q) = q - 3. Let g = 4 + -7. Let u be -2 + g*14/(-6). Suppose 0*k + u = k. What is l(k)?
2
Let w(r) be the first derivative of -r**3/3 - r**2/2 + 4*r - 5. Give w(0).
4
Let f(k) = 2*k**2 - 5*k + 2. Suppose -5*w = s - 14, 0 = 3*w - 7*w - s + 11. Calculate f(w).
5
Let o(z) = 6*z**3 - 30*z - 4*z**2 + 29*z + 3*z**2 + 7*z**3. Give o(-1).
-13
Suppose -2 = -i - 0*i - 3*h, 0 = 3*i + 2*h + 1. Let u(q) be the second derivative of -7*q**3/6 + q**2/2 + q. Determine u(i).
8
Let s = 15 + -10. Let p(g) = g**2 + 4*g - 3. Let h be p(-5). Let r(w) = -2*w**h - 5*w + 4*w**2 - w**2 - 4. Calculate r(s).
-4
Let d(o) = 4*o**2 - 2*o + 3. Let v be d(1). Let f(k) = 1 + k + 3 - 3*k. Calculate f(v).
-6
Let z(a) = a**3 + 6*a**2 + 6*a + 6. Let c(t) = t**3 + t**2 + 2*t + 3. Let k be c(-2). What is z(k)?
1
Let c = -12 - -11. Let r(l) = -l. Give r(c).
1
Let w(q) = -3*q + 3 + 4 + 3*q**2 - 4*q**2. Determine w(-5).
-3
Suppose -3*b + 15 = n - 4*b, 4*n = -b + 85. Suppose 0 = 4*h - 2*m + 10, 4*h = -h + 4*m - n. Let w(s) = -2 + 5*s + s**2 + h*s**2 + 4. Calculate w(-5).
2
Suppose 0 = t - 4*r + 20, 4*t + 2*r - 6 = 4. Let s(w) = -2*w + 3 + w - 2*w**3 + 3*w**3. Calculate s(t).
3
Let b(s) = -s + 22. Suppose m = -2*g + 32, 0*m + 2 = -m. Let p be b(g). Let f(o) be the first derivative of -o**4/4 + 2*o**3 - 3*o**2 - 2*o - 1. Calculate f(p).
-7
Let j(u) be the second derivative of u**4/12 + 5*u**3/6 - 3*u**2/2 - 11*u. Calculate j(-5).
-3
Let v(n) be the third derivative of -n**6/120 - n**5/12 + n**4/6 + n**3/3 - 29*n**2 - 2. Give v(-5).
-18
Let f(w) = 9*w + 7. Let g(d) = 17*d + 13. Let h(a) = 11*f(a) - 6*g(a). Suppose -2*z - 15 = -v + 3*z, -v + 8 = 2*z. Suppose 0 = -0*k - 5*k + v. Calculate h(k).
-7
Suppose 22 = -5*w - v + 57, -4*w + 3*v + 47 = 0. Suppose 4*i + 0 - w = 0. Suppose -u = u - i. Let l(q) = -2*q**2. What is l(u)?
-2
Let z = -2 - -2. Let o(l) = 65*l - 66*l + 0 + z. What is o(2)?
-2
Let s(p) = p**2 - 4*p. Suppose 4*y - 6*y = -10. Suppose -4*u - 10 = -y*d - 9*u, -2*d = 4*u + 2. Determine s(d).
5
Let q(u) = u**3 - 4*u**2 - 4*u - 4. Suppose 3*j = j. Let g be ((-9)/6)/((-12)/40). Let c = g - j. What is q(c)?
1
Let k be -2 + 5 + (-2)/1. Let h(q) = q + 3 + 5*q - 3*q - k. Calculate h(-2).
-4
Let m(g) = -g**2 - 7*g - 5. Let a = 10 + -16. Calculate m(a).
1
Let x(i) = i. Suppose 3*n - 3*l + 2*l = 0, -5*n = l + 8. Let k be 3 - (-2 - (-4 - n)). Suppose 0 = -p - p + k. Give x(p).
1
Suppose -k + 15 = -6*k. Let p(t) = -3*t - 3. Give p(k).
6
Let y(j) = -j**3 - 5*j**2 - j + 7. Let p(g) = -g + 1. Let k(t) = 2*p(t) - y(t). Let 